{"id":2,"date":"2012-08-10T17:07:14","date_gmt":"2012-08-10T17:07:14","guid":{"rendered":"http:\/\/akson.ee\/?page_id=2"},"modified":"2020-04-11T01:22:25","modified_gmt":"2020-04-10T23:22:25","slug":"sample-page","status":"publish","type":"page","link":"https:\/\/AKSON.ee\/?page_id=2","title":{"rendered":"Kontakt"},"content":{"rendered":"<p>Lao 9, Maardu, 74114, Estonia<\/p>\n<p>AKSON METALLIT\u00d6\u00d6D \u00dcHISTU<\/p>\n<p><strong>Terenti D\u00f5levits<\/strong>: (+372) 5089017<\/p>\n<p><strong>Inna Rudskaja<\/strong>: (+372) 55666914<\/p>\n<p>email : &#8220;aksonmet@gmail.com&#8221;<\/p>\n<p>Tel\/faks: 6002743<\/p>\n<p>Tel\/faks (tootmine): 6006018<\/p>\n","protected":false},"excerpt":{"rendered":"<p>Lao 9, Maardu, 74114, Estonia AKSON METALLIT\u00d6\u00d6D \u00dcHISTU Terenti D\u00f5levits: (+372) 5089017 Inna Rudskaja: (+372) 55666914 email : &#8220;aksonmet@gmail.com&#8221; Tel\/faks: 6002743 Tel\/faks (tootmine): 6006018<\/p>\n","protected":false},"author":1,"featured_media":0,"parent":0,"menu_order":0,"comment_status":"closed","ping_status":"closed","template":"","meta":{"footnotes":""},"_links":{"self":[{"href":"https:\/\/AKSON.ee\/index.php?rest_route=\/wp\/v2\/pages\/2"}],"collection":[{"href":"https:\/\/AKSON.ee\/index.php?rest_route=\/wp\/v2\/pages"}],"about":[{"href":"https:\/\/AKSON.ee\/index.php?rest_route=\/wp\/v2\/types\/page"}],"author":[{"embeddable":true,"href":"https:\/\/AKSON.ee\/index.php?rest_route=\/wp\/v2\/users\/1"}],"replies":[{"embeddable":true,"href":"https:\/\/AKSON.ee\/index.php?rest_route=%2Fwp%2Fv2%2Fcomments&post=2"}],"version-history":[{"count":7,"href":"https:\/\/AKSON.ee\/index.php?rest_route=\/wp\/v2\/pages\/2\/revisions"}],"predecessor-version":[{"id":5812,"href":"https:\/\/AKSON.ee\/index.php?rest_route=\/wp\/v2\/pages\/2\/revisions\/5812"}],"wp:attachment":[{"href":"https:\/\/AKSON.ee\/index.php?rest_route=%2Fwp%2Fv2%2Fmedia&parent=2"}],"curies":[{"name":"wp","href":"https:\/\/api.w.org\/{rel}","templated":true}]}}